{"id":568,"date":"2019-06-26T08:26:37","date_gmt":"2019-06-26T06:26:37","guid":{"rendered":"https:\/\/the7.io\/church\/?page_id=568"},"modified":"2021-04-22T09:10:13","modified_gmt":"2021-04-22T07:10:13","slug":"ospitalita","status":"publish","type":"page","link":"http:\/\/fattoriadimigliarino.it\/fr\/home\/ospitalita\/","title":{"rendered":"Hospitalit\u00e9"},"content":{"rendered":"<div class=\"vc_row wpb_row vc_row-fluid\"><div class=\"wpb_column vc_column_container vc_col-sm-12\"><div class=\"vc_column-inner\"><div class=\"wpb_wrapper\"><div id=\"ultimate-heading-150369f51fe5e997e\" class=\"uvc-heading ult-adjust-bottom-margin ultimate-heading-150369f51fe5e997e uvc-4847  uvc-heading-default-font-sizes\" data-hspacer=\"no_spacer\"  data-halign=\"center\" style=\"text-align:center\"><div class=\"uvc-heading-spacer no_spacer\" style=\"top\"><\/div><div class=\"uvc-main-heading ult-responsive\"  data-ultimate-target='.uvc-heading.ultimate-heading-150369f51fe5e997e h2'  data-responsive-json-new='{\"font-size\":\"\",\"line-height\":\"\"}' ><h2 style=\"--font-weight:theme;margin-top:-80px;margin-bottom:40px;\">Hospitalit\u00e9<\/h2><\/div><div class=\"uvc-sub-heading ult-responsive\"  data-ultimate-target='.uvc-heading.ultimate-heading-150369f51fe5e997e .uvc-sub-heading '  data-responsive-json-new='{\"font-size\":\"\",\"line-height\":\"\"}'  style=\"font-weight:normal;\">Les chambres et les appartements de la Fattoria di Migliarino, finement restaur\u00e9s et entour\u00e9s de verdure, proviennent de chalets de la fin des ann\u00e9es 800 et sont meubl\u00e9s avec des meubles rustiques toscans. Ils disposent tous d'un espace ext\u00e9rieur \u00e9quip\u00e9 d'une table, de chaises et d'un parasol.<\/p>\n<p>L'ensemble de la propri\u00e9t\u00e9 est entour\u00e9 d'un grand jardin d'environ 2 hectares \u00e9quip\u00e9 d'une piscine, ouverte du 15\/5 au 30\/09 (18 m x 6 m), d'un bar, d'un barbecue, d'une table de ping-pong et d'un terrain de football. \u00c0 100 m\u00e8tres de la propri\u00e9t\u00e9, il y a un court de tennis, un petit lac pour la p\u00eache sportive et une excellente trattoria avec des fruits de mer et des plats de viande.<\/p>\n<p>L'acc\u00e8s Internet Wi-Fi est disponible dans les espaces int\u00e9rieurs et ext\u00e9rieurs.<\/p>\n<p>\u00c0 l'int\u00e9rieur de la structure, les clients peuvent utiliser la laverie automatique et de bornes de recharge pour voitures \u00e9lectriques en suppl\u00e9ment.<\/div><\/div><\/div><\/div><\/div><\/div><div class=\"vc_row wpb_row vc_row-fluid\"><div class=\"wpb_column vc_column_container vc_col-sm-6\"><div class=\"vc_column-inner\"><div class=\"wpb_wrapper\"><div id=\"ultimate-heading-133269f51fe5ea184\" class=\"uvc-heading ult-adjust-bottom-margin ultimate-heading-133269f51fe5ea184 uvc-7060  uvc-heading-default-font-sizes\" data-hspacer=\"line_only\"  data-halign=\"center\" style=\"text-align:center\"><div class=\"uvc-main-heading ult-responsive\"  data-ultimate-target='.uvc-heading.ultimate-heading-133269f51fe5ea184 h2'  data-responsive-json-new='{\"font-size\":\"\",\"line-height\":\"\"}' ><h2 style=\"--font-weight:theme;\">Chambres<\/h2><\/div><div class=\"uvc-heading-spacer line_only\" style=\"topheight:2px;\"><span class=\"uvc-headings-line\" style=\"border-style:solid;border-bottom-width:2px;border-color:#ccc;width:30px;\"><\/span><\/div><\/div><style type=\"text\/css\" data-type=\"the7_shortcodes-inline-css\">.shortcode-single-image-wrap.shortcode-single-image-1d85d97558be45c3f8985972b800ef55.enable-bg-rollover .rollover i,\n.shortcode-single-image-wrap.shortcode-single-image-1d85d97558be45c3f8985972b800ef55.enable-bg-rollover .rollover-video i {\n  background: ;\n  background: -webkit-linear-gradient();\n  background: linear-gradient();\n}\n.shortcode-single-image-wrap.shortcode-single-image-1d85d97558be45c3f8985972b800ef55 .rollover-icon {\n  font-size: 32px;\n  color: #ffffff;\n  min-width: 44px;\n  min-height: 44px;\n  line-height: 44px;\n  border-radius: 100px;\n  border-style: solid;\n  border-width: 0px;\n}\n.dt-icon-bg-on.shortcode-single-image-wrap.shortcode-single-image-1d85d97558be45c3f8985972b800ef55 .rollover-icon {\n  background: rgba(255,255,255,0.3);\n  box-shadow: none;\n}\n<\/style><div class=\"shortcode-single-image-wrap shortcode-single-image-1d85d97558be45c3f8985972b800ef55 alignnone  vc_custom_1608119705811 enable-bg-rollover dt-icon-bg-off\" ><div class=\"shortcode-single-image\"><div class=\"fancy-media-wrap\" style=\"\"><a href=\"https:\/\/fattoriadimigliarino.it\/fr\/home\/camere\/\" class=\"layzr-bg rollover\" style=\"\" aria-label=\"Image\"><img class=\"preload-me lazy-load\" src=\"data:image\/svg+xml,%3Csvg%20xmlns%3D&#39;http%3A%2F%2Fwww.w3.org%2F2000%2Fsvg&#39;%20viewBox%3D&#39;0%200%20500%20500&#39;%2F%3E\" data-src=\"https:\/\/fattoriadimigliarino.it\/wp-content\/uploads\/2020\/11\/IMG_3458_DxO-scaled-500x500.jpg\" data-srcset=\"https:\/\/fattoriadimigliarino.it\/wp-content\/uploads\/2020\/11\/IMG_3458_DxO-scaled-500x500.jpg 500w, https:\/\/fattoriadimigliarino.it\/wp-content\/uploads\/2020\/11\/IMG_3458_DxO-scaled-1000x1000.jpg 1000w\" width=\"500\" height=\"500\"  data-dt-location=\"http:\/\/fattoriadimigliarino.it\/fr\/home\/ospitalita\/img_3458_dxo\/\" alt=\"\" \/><\/a><\/div><\/div><\/div><\/div><\/div><\/div><div class=\"wpb_column vc_column_container vc_col-sm-6\"><div class=\"vc_column-inner\"><div class=\"wpb_wrapper\"><div id=\"ultimate-heading-743269f51fe5eb2f1\" class=\"uvc-heading ult-adjust-bottom-margin ultimate-heading-743269f51fe5eb2f1 uvc-1904  uvc-heading-default-font-sizes\" data-hspacer=\"line_only\"  data-halign=\"center\" style=\"text-align:center\"><div class=\"uvc-main-heading ult-responsive\"  data-ultimate-target='.uvc-heading.ultimate-heading-743269f51fe5eb2f1 h2'  data-responsive-json-new='{\"font-size\":\"\",\"line-height\":\"\"}' ><h2 style=\"--font-weight:theme;\">Appartements<\/h2><\/div><div class=\"uvc-heading-spacer line_only\" style=\"topheight:2px;\"><span class=\"uvc-headings-line\" style=\"border-style:solid;border-bottom-width:2px;border-color:#ccc;width:30px;\"><\/span><\/div><\/div><style type=\"text\/css\" data-type=\"the7_shortcodes-inline-css\">.shortcode-single-image-wrap.shortcode-single-image-939e3199cf4b85b9312eb4d3ad74e362.enable-bg-rollover .rollover i,\n.shortcode-single-image-wrap.shortcode-single-image-939e3199cf4b85b9312eb4d3ad74e362.enable-bg-rollover .rollover-video i {\n  background: ;\n  background: -webkit-linear-gradient();\n  background: linear-gradient();\n}\n.shortcode-single-image-wrap.shortcode-single-image-939e3199cf4b85b9312eb4d3ad74e362 .rollover-icon {\n  font-size: 32px;\n  color: #ffffff;\n  min-width: 44px;\n  min-height: 44px;\n  line-height: 44px;\n  border-radius: 100px;\n  border-style: solid;\n  border-width: 0px;\n}\n.dt-icon-bg-on.shortcode-single-image-wrap.shortcode-single-image-939e3199cf4b85b9312eb4d3ad74e362 .rollover-icon {\n  background: rgba(255,255,255,0.3);\n  box-shadow: none;\n}\n<\/style><div class=\"shortcode-single-image-wrap shortcode-single-image-939e3199cf4b85b9312eb4d3ad74e362 alignnone  vc_custom_1608119713599 enable-bg-rollover dt-icon-bg-off\" ><div class=\"shortcode-single-image\"><div class=\"fancy-media-wrap\" style=\"\"><a href=\"https:\/\/fattoriadimigliarino.it\/fr\/home\/appartamenti\/\" class=\"layzr-bg rollover\" style=\"\" aria-label=\"Image\"><img class=\"preload-me lazy-load\" src=\"data:image\/svg+xml,%3Csvg%20xmlns%3D&#39;http%3A%2F%2Fwww.w3.org%2F2000%2Fsvg&#39;%20viewBox%3D&#39;0%200%20500%20500&#39;%2F%3E\" data-src=\"https:\/\/fattoriadimigliarino.it\/wp-content\/uploads\/2020\/10\/Raganella-2_ctyjn-1-500x500.jpg\" data-srcset=\"https:\/\/fattoriadimigliarino.it\/wp-content\/uploads\/2020\/10\/Raganella-2_ctyjn-1-500x500.jpg 500w, https:\/\/fattoriadimigliarino.it\/wp-content\/uploads\/2020\/10\/Raganella-2_ctyjn-1-600x600.jpg 600w\" width=\"500\" height=\"500\"  data-dt-location=\"http:\/\/fattoriadimigliarino.it\/fr\/home\/ospitalita\/appartamenti\/scricciolo\/raganella-2_ctyjn-2\/\" alt=\"\" \/><\/a><\/div><\/div><\/div><\/div><\/div><\/div><\/div>","protected":false},"excerpt":{"rendered":"<p>Ospitalit\u00e0Le camere e gli appartamenti della Fattoria di Migliarino, finemente ristrutturati ed immersi nel verde, sono ricavati da casolari di fine \u2018800 e arredati con mobilio rustico Toscano. Sono tutti dotati di uno spazio esterno accessoriato con tavolo, sedie e ombrellone. Tutta la struttura \u00e8 circondata da un grande giardino di circa 2 ettari attrezzati&hellip;<\/p>","protected":false},"author":1,"featured_media":0,"parent":5,"menu_order":0,"comment_status":"closed","ping_status":"closed","template":"","meta":[],"yoast_head":"<!-- This site is optimized with the Yoast SEO plugin v16.2 - https:\/\/yoast.com\/wordpress\/plugins\/seo\/ -->\n<title>Ospitalit\u00e0 - Fattoria di Migliarino<\/title>\n<meta name=\"robots\" content=\"index, follow, max-snippet:-1, max-image-preview:large, max-video-preview:-1\" \/>\n<link rel=\"canonical\" href=\"https:\/\/fattoriadimigliarino.it\/fr\/home\/ospitalita\/\" \/>\n<meta property=\"og:locale\" content=\"fr_FR\" \/>\n<meta property=\"og:type\" content=\"article\" \/>\n<meta property=\"og:title\" content=\"Ospitalit\u00e0 - Fattoria di Migliarino\" \/>\n<meta property=\"og:url\" content=\"https:\/\/fattoriadimigliarino.it\/fr\/home\/ospitalita\/\" \/>\n<meta property=\"og:site_name\" content=\"Fattoria di Migliarino\" \/>\n<meta property=\"article:modified_time\" content=\"2021-04-22T07:10:13+00:00\" \/>\n<meta name=\"twitter:card\" content=\"summary_large_image\" \/>\n<meta name=\"twitter:label1\" content=\"Dur\u00e9e de lecture est.\">\n\t<meta name=\"twitter:data1\" content=\"1 minute\">\n<script type=\"application\/ld+json\" class=\"yoast-schema-graph\">{\"@context\":\"https:\/\/schema.org\",\"@graph\":[{\"@type\":\"WebSite\",\"@id\":\"https:\/\/fattoriadimigliarino.it\/#website\",\"url\":\"https:\/\/fattoriadimigliarino.it\/\",\"name\":\"Fattoria di Migliarino\",\"description\":\"\",\"potentialAction\":[{\"@type\":\"SearchAction\",\"target\":\"https:\/\/fattoriadimigliarino.it\/?s={search_term_string}\",\"query-input\":\"required name=search_term_string\"}],\"inLanguage\":\"fr-FR\"},{\"@type\":\"WebPage\",\"@id\":\"https:\/\/fattoriadimigliarino.it\/en\/home\/ospitalita\/#webpage\",\"url\":\"https:\/\/fattoriadimigliarino.it\/en\/home\/ospitalita\/\",\"name\":\"Ospitalit\\u00e0 - Fattoria di Migliarino\",\"isPartOf\":{\"@id\":\"https:\/\/fattoriadimigliarino.it\/#website\"},\"datePublished\":\"2019-06-26T06:26:37+00:00\",\"dateModified\":\"2021-04-22T07:10:13+00:00\",\"breadcrumb\":{\"@id\":\"https:\/\/fattoriadimigliarino.it\/en\/home\/ospitalita\/#breadcrumb\"},\"inLanguage\":\"fr-FR\",\"potentialAction\":[{\"@type\":\"ReadAction\",\"target\":[\"https:\/\/fattoriadimigliarino.it\/en\/home\/ospitalita\/\"]}]},{\"@type\":\"BreadcrumbList\",\"@id\":\"https:\/\/fattoriadimigliarino.it\/en\/home\/ospitalita\/#breadcrumb\",\"itemListElement\":[{\"@type\":\"ListItem\",\"position\":1,\"item\":{\"@type\":\"WebPage\",\"@id\":\"https:\/\/fattoriadimigliarino.it\/it\/\",\"url\":\"https:\/\/fattoriadimigliarino.it\/it\/\",\"name\":\"Home\"}},{\"@type\":\"ListItem\",\"position\":2,\"item\":{\"@type\":\"WebPage\",\"@id\":\"https:\/\/fattoriadimigliarino.it\/it\/\",\"url\":\"https:\/\/fattoriadimigliarino.it\/it\/\",\"name\":\"Home\"}},{\"@type\":\"ListItem\",\"position\":3,\"item\":{\"@id\":\"https:\/\/fattoriadimigliarino.it\/en\/home\/ospitalita\/#webpage\"}}]}]}<\/script>\n<!-- \/ Yoast SEO plugin. -->","_links":{"self":[{"href":"http:\/\/fattoriadimigliarino.it\/fr\/wp-json\/wp\/v2\/pages\/568"}],"collection":[{"href":"http:\/\/fattoriadimigliarino.it\/fr\/wp-json\/wp\/v2\/pages"}],"about":[{"href":"http:\/\/fattoriadimigliarino.it\/fr\/wp-json\/wp\/v2\/types\/page"}],"author":[{"embeddable":true,"href":"http:\/\/fattoriadimigliarino.it\/fr\/wp-json\/wp\/v2\/users\/1"}],"replies":[{"embeddable":true,"href":"http:\/\/fattoriadimigliarino.it\/fr\/wp-json\/wp\/v2\/comments?post=568"}],"version-history":[{"count":22,"href":"http:\/\/fattoriadimigliarino.it\/fr\/wp-json\/wp\/v2\/pages\/568\/revisions"}],"predecessor-version":[{"id":1832,"href":"http:\/\/fattoriadimigliarino.it\/fr\/wp-json\/wp\/v2\/pages\/568\/revisions\/1832"}],"up":[{"embeddable":true,"href":"http:\/\/fattoriadimigliarino.it\/fr\/wp-json\/wp\/v2\/pages\/5"}],"wp:attachment":[{"href":"http:\/\/fattoriadimigliarino.it\/fr\/wp-json\/wp\/v2\/media?parent=568"}],"curies":[{"name":"wp","href":"https:\/\/api.w.org\/{rel}","templated":true}]}}

Hospitalité

<div class="vc_row wpb_row vc_row-fluid"><div class="wpb_column vc_column_container vc_col-sm-12"><div class="vc_column-inner"><div class="wpb_wrapper"><div id="ultimate-heading-150369f51fe5e997e" class="uvc-heading ult-adjust-bottom-margin ultimate-heading-150369f51fe5e997e uvc-4847  uvc-heading-default-font-sizes" data-hspacer="no_spacer"  data-halign="center" style="text-align:center"><div class="uvc-heading-spacer no_spacer" style="top"></div><div class="uvc-main-heading ult-responsive"  data-ultimate-target='.uvc-heading.ultimate-heading-150369f51fe5e997e h2'  data-responsive-json-new='{"font-size":"","line-height":""}' ><h2 style="--font-weight:theme;margin-top:-80px;margin-bottom:40px;">Hospitalité</h2></div><div class="uvc-sub-heading ult-responsive"  data-ultimate-target='.uvc-heading.ultimate-heading-150369f51fe5e997e .uvc-sub-heading '  data-responsive-json-new='{"font-size":"","line-height":""}'  style="font-weight:normal;">Les chambres et les appartements de la Fattoria di Migliarino, finement restaurés et entourés de verdure, proviennent de chalets de la fin des années 800 et sont meublés avec des meubles rustiques toscans. Ils disposent tous d'un espace extérieur équipé d'une table, de chaises et d'un parasol.</p>
<p>L'ensemble de la propriété est entouré d'un grand jardin d'environ 2 hectares équipé d'une piscine, ouverte du 15/5 au 30/09 (18 m x 6 m), d'un bar, d'un barbecue, d'une table de ping-pong et d'un terrain de football. À 100 mètres de la propriété, il y a un court de tennis, un petit lac pour la pêche sportive et une excellente trattoria avec des fruits de mer et des plats de viande.</p>
<p>L'accès Internet Wi-Fi est disponible dans les espaces intérieurs et extérieurs.</p>
<p>À l'intérieur de la structure, les clients peuvent utiliser la laverie automatique et de bornes de recharge pour voitures électriques en supplément.</div></div></div></div></div></div><div class="vc_row wpb_row vc_row-fluid"><div class="wpb_column vc_column_container vc_col-sm-6"><div class="vc_column-inner"><div class="wpb_wrapper"><div id="ultimate-heading-133269f51fe5ea184" class="uvc-heading ult-adjust-bottom-margin ultimate-heading-133269f51fe5ea184 uvc-7060  uvc-heading-default-font-sizes" data-hspacer="line_only"  data-halign="center" style="text-align:center"><div class="uvc-main-heading ult-responsive"  data-ultimate-target='.uvc-heading.ultimate-heading-133269f51fe5ea184 h2'  data-responsive-json-new='{"font-size":"","line-height":""}' ><h2 style="--font-weight:theme;">Chambres</h2></div><div class="uvc-heading-spacer line_only" style="topheight:2px;"><span class="uvc-headings-line" style="border-style:solid;border-bottom-width:2px;border-color:#ccc;width:30px;"></span></div></div><style type="text/css" data-type="the7_shortcodes-inline-css">.shortcode-single-image-wrap.shortcode-single-image-1d85d97558be45c3f8985972b800ef55.enable-bg-rollover .rollover i,
.shortcode-single-image-wrap.shortcode-single-image-1d85d97558be45c3f8985972b800ef55.enable-bg-rollover .rollover-video i {
  background: ;
  background: -webkit-linear-gradient();
  background: linear-gradient();
}
.shortcode-single-image-wrap.shortcode-single-image-1d85d97558be45c3f8985972b800ef55 .rollover-icon {
  font-size: 32px;
  color: #ffffff;
  min-width: 44px;
  min-height: 44px;
  line-height: 44px;
  border-radius: 100px;
  border-style: solid;
  border-width: 0px;
}
.dt-icon-bg-on.shortcode-single-image-wrap.shortcode-single-image-1d85d97558be45c3f8985972b800ef55 .rollover-icon {
  background: rgba(255,255,255,0.3);
  box-shadow: none;
}
</style><div class="shortcode-single-image-wrap shortcode-single-image-1d85d97558be45c3f8985972b800ef55 alignnone  vc_custom_1608119705811 enable-bg-rollover dt-icon-bg-off" ><div class="shortcode-single-image"><div class="fancy-media-wrap" style=""><a href="https://fattoriadimigliarino.it/fr/home/camere/" class="layzr-bg rollover" style="" aria-label="Image"><img class="preload-me lazy-load" src="data:image/svg+xml,%3Csvg%20xmlns%3D&#39;http%3A%2F%2Fwww.w3.org%2F2000%2Fsvg&#39;%20viewBox%3D&#39;0%200%20500%20500&#39;%2F%3E" data-src="https://fattoriadimigliarino.it/wp-content/uploads/2020/11/IMG_3458_DxO-scaled-500x500.jpg" data-srcset="https://fattoriadimigliarino.it/wp-content/uploads/2020/11/IMG_3458_DxO-scaled-500x500.jpg 500w, https://fattoriadimigliarino.it/wp-content/uploads/2020/11/IMG_3458_DxO-scaled-1000x1000.jpg 1000w" width="500" height="500"  data-dt-location="http://fattoriadimigliarino.it/fr/home/ospitalita/img_3458_dxo/" alt="" /></a></div></div></div></div></div></div><div class="wpb_column vc_column_container vc_col-sm-6"><div class="vc_column-inner"><div class="wpb_wrapper"><div id="ultimate-heading-743269f51fe5eb2f1" class="uvc-heading ult-adjust-bottom-margin ultimate-heading-743269f51fe5eb2f1 uvc-1904  uvc-heading-default-font-sizes" data-hspacer="line_only"  data-halign="center" style="text-align:center"><div class="uvc-main-heading ult-responsive"  data-ultimate-target='.uvc-heading.ultimate-heading-743269f51fe5eb2f1 h2'  data-responsive-json-new='{"font-size":"","line-height":""}' ><h2 style="--font-weight:theme;">Appartements</h2></div><div class="uvc-heading-spacer line_only" style="topheight:2px;"><span class="uvc-headings-line" style="border-style:solid;border-bottom-width:2px;border-color:#ccc;width:30px;"></span></div></div><style type="text/css" data-type="the7_shortcodes-inline-css">.shortcode-single-image-wrap.shortcode-single-image-939e3199cf4b85b9312eb4d3ad74e362.enable-bg-rollover .rollover i,
.shortcode-single-image-wrap.shortcode-single-image-939e3199cf4b85b9312eb4d3ad74e362.enable-bg-rollover .rollover-video i {
  background: ;
  background: -webkit-linear-gradient();
  background: linear-gradient();
}
.shortcode-single-image-wrap.shortcode-single-image-939e3199cf4b85b9312eb4d3ad74e362 .rollover-icon {
  font-size: 32px;
  color: #ffffff;
  min-width: 44px;
  min-height: 44px;
  line-height: 44px;
  border-radius: 100px;
  border-style: solid;
  border-width: 0px;
}
.dt-icon-bg-on.shortcode-single-image-wrap.shortcode-single-image-939e3199cf4b85b9312eb4d3ad74e362 .rollover-icon {
  background: rgba(255,255,255,0.3);
  box-shadow: none;
}
</style><div class="shortcode-single-image-wrap shortcode-single-image-939e3199cf4b85b9312eb4d3ad74e362 alignnone  vc_custom_1608119713599 enable-bg-rollover dt-icon-bg-off" ><div class="shortcode-single-image"><div class="fancy-media-wrap" style=""><a href="https://fattoriadimigliarino.it/fr/home/appartamenti/" class="layzr-bg rollover" style="" aria-label="Image"><img class="preload-me lazy-load" src="data:image/svg+xml,%3Csvg%20xmlns%3D&#39;http%3A%2F%2Fwww.w3.org%2F2000%2Fsvg&#39;%20viewBox%3D&#39;0%200%20500%20500&#39;%2F%3E" data-src="https://fattoriadimigliarino.it/wp-content/uploads/2020/10/Raganella-2_ctyjn-1-500x500.jpg" data-srcset="https://fattoriadimigliarino.it/wp-content/uploads/2020/10/Raganella-2_ctyjn-1-500x500.jpg 500w, https://fattoriadimigliarino.it/wp-content/uploads/2020/10/Raganella-2_ctyjn-1-600x600.jpg 600w" width="500" height="500"  data-dt-location="http://fattoriadimigliarino.it/fr/home/ospitalita/appartamenti/scricciolo/raganella-2_ctyjn-2/" alt="" /></a></div></div></div></div></div></div></div>

<p>OspitalitàLe camere e gli appartamenti della Fattoria di Migliarino, finemente ristrutturati ed immersi nel verde, sono ricavati da casolari di fine ‘800 e arredati con mobilio rustico Toscano. Sono tutti dotati di uno spazio esterno accessoriato con tavolo, sedie e ombrellone. Tutta la struttura è circondata da un grande giardino di circa 2 ettari attrezzati&hellip;</p>

<!-- This site is optimized with the Yoast SEO plugin v16.2 - https://yoast.com/wordpress/plugins/seo/ -->
<title>Ospitalità - Fattoria di Migliarino</title>
<meta name="robots" content="index, follow, max-snippet:-1, max-image-preview:large, max-video-preview:-1" />
<link rel="canonical" href="https://fattoriadimigliarino.it/fr/home/ospitalita/" />
<meta property="og:locale" content="fr_FR" />
<meta property="og:type" content="article" />
<meta property="og:title" content="Ospitalità - Fattoria di Migliarino" />
<meta property="og:url" content="https://fattoriadimigliarino.it/fr/home/ospitalita/" />
<meta property="og:site_name" content="Fattoria di Migliarino" />
<meta property="article:modified_time" content="2021-04-22T07:10:13+00:00" />
<meta name="twitter:card" content="summary_large_image" />
<meta name="twitter:label1" content="Durée de lecture est.">
	<meta name="twitter:data1" content="1 minute">
<script type="application/ld+json" class="yoast-schema-graph">{"@context":"https://schema.org","@graph":[{"@type":"WebSite","@id":"https://fattoriadimigliarino.it/#website","url":"https://fattoriadimigliarino.it/","name":"Fattoria di Migliarino","description":"","potentialAction":[{"@type":"SearchAction","target":"https://fattoriadimigliarino.it/?s={search_term_string}","query-input":"required name=search_term_string"}],"inLanguage":"fr-FR"},{"@type":"WebPage","@id":"https://fattoriadimigliarino.it/en/home/ospitalita/#webpage","url":"https://fattoriadimigliarino.it/en/home/ospitalita/","name":"Ospitalit\u00e0 - Fattoria di Migliarino","isPartOf":{"@id":"https://fattoriadimigliarino.it/#website"},"datePublished":"2019-06-26T06:26:37+00:00","dateModified":"2021-04-22T07:10:13+00:00","breadcrumb":{"@id":"https://fattoriadimigliarino.it/en/home/ospitalita/#breadcrumb"},"inLanguage":"fr-FR","potentialAction":[{"@type":"ReadAction","target":["https://fattoriadimigliarino.it/en/home/ospitalita/"]}]},{"@type":"BreadcrumbList","@id":"https://fattoriadimigliarino.it/en/home/ospitalita/#breadcrumb","itemListElement":[{"@type":"ListItem","position":1,"item":{"@type":"WebPage","@id":"https://fattoriadimigliarino.it/it/","url":"https://fattoriadimigliarino.it/it/","name":"Home"}},{"@type":"ListItem","position":2,"item":{"@type":"WebPage","@id":"https://fattoriadimigliarino.it/it/","url":"https://fattoriadimigliarino.it/it/","name":"Home"}},{"@type":"ListItem","position":3,"item":{"@id":"https://fattoriadimigliarino.it/en/home/ospitalita/#webpage"}}]}]}</script>
<!-- / Yoast SEO plugin. -->
